{"id":4,"date":"2022-05-04T11:10:02","date_gmt":"2022-05-04T11:10:02","guid":{"rendered":"http:\/\/allesclar.de\/willkommen-auf-http-allesclar-de"},"modified":"2026-03-26T18:52:19","modified_gmt":"2026-03-26T17:52:19","slug":"willkommen-auf-http-allesclar-de","status":"publish","type":"page","link":"https:\/\/allesclar.de\/","title":{"rendered":"AllesClar Energy"},"content":{"rendered":"\n<h3 class=\"kt-adv-heading4_74443b-9e wp-block-kadence-advancedheading\" data-kb-block=\"kb-adv-heading4_74443b-9e\">Unsere Website befindet sich derzeit im Umbau.<br>Bei Interesse an Solaranlagen und\/oder W\u00e4rmepumpen stehen wir Ihnen gerne vollumf\u00e4nglich zur Verf\u00fcgung.<br><br>Beratung + Planung + Installation<br><br>Rufen Sie uns an, oder schreiben uns eine E-Mail.<br>Tel.: +49 162 9174748<br>E-Mail:\u00a0<a href=\"mailto:info@allesclar.de?subject=Kontakanfrage%20%C3%BCber%20die%20website%20www.allesclar.de\">info@allesclar.de<\/a><br><br>Bis bald, herzliche Gr\u00fc\u00dfe.<br><\/h3>\n","protected":false},"excerpt":{"rendered":"","protected":false},"author":1,"featured_media":0,"parent":0,"menu_order":0,"comment_status":"closed","ping_status":"closed","template":"","meta":{"footnotes":""},"class_list":["post-4","page","type-page","status-publish","hentry"],"_links":{"self":[{"href":"https:\/\/allesclar.de\/index.php?rest_route=\/wp\/v2\/pages\/4","targetHints":{"allow":["GET"]}}],"collection":[{"href":"https:\/\/allesclar.de\/index.php?rest_route=\/wp\/v2\/pages"}],"about":[{"href":"https:\/\/allesclar.de\/index.php?rest_route=\/wp\/v2\/types\/page"}],"author":[{"embeddable":true,"href":"https:\/\/allesclar.de\/index.php?rest_route=\/wp\/v2\/users\/1"}],"replies":[{"embeddable":true,"href":"https:\/\/allesclar.de\/index.php?rest_route=%2Fwp%2Fv2%2Fcomments&post=4"}],"version-history":[{"count":204,"href":"https:\/\/allesclar.de\/index.php?rest_route=\/wp\/v2\/pages\/4\/revisions"}],"predecessor-version":[{"id":510,"href":"https:\/\/allesclar.de\/index.php?rest_route=\/wp\/v2\/pages\/4\/revisions\/510"}],"wp:attachment":[{"href":"https:\/\/allesclar.de\/index.php?rest_route=%2Fwp%2Fv2%2Fmedia&parent=4"}],"curies":[{"name":"wp","href":"https:\/\/api.w.org\/{rel}","templated":true}]}}